37 = 0. Let f = z - 23. Suppose -7*j = -9*j + f. List the prime factors of j.
7
What are the prime factors of (76/171*(-6)/(-4))/(1/25401)?
2, 8467
Suppose 4*u - 22388 = -5264. List the prime factors of u.
3, 1427
Suppose 2814 - 18736 = -19*w. Suppose 6*p = -w + 2860. What are the prime factors of p?
337
Let p = 738 - 720. Suppose p*i = -i + 14915. List the prime factors of i.
5, 157
Let v(x) = -4*x**3 + 16*x**2 + 2*x + 28. Let f(m) = m**3 - m**2 + m - 1. Let o(b) = 5*f(b) + v(b). List the prime factors of o(-9).
2, 61
Let a = -4754 - -17235. What are the prime factors of a?
7, 1783
Let d(g) = -8*g - 3. Let j(f) = 5*f - 6. Let h be j(2). Suppose h*t + 74 = 26. List the prime factors of d(t).
3, 31
Let f(z) = 20*z**2 - 91*z - 3683. What are the prime factors of f(63)?
2, 17491
Suppose -4 = 2*w - 4*m, -3*w - 2*w + 10 = -5*m. Suppose -w = 2*f, -q - 3*q + 913 = f. List the prime factors of q.
229
Let b(u) = 5*u - 26*u + 12 + 12*u + 6*u. Let y be b(6). Let v(r) = 5*r**2 + 13*r - 8. What are the prime factors of v(y)?
2, 47
Suppose 3*c - 44 = -5*m + 15, -37 = -3*m - c. Suppose 32334 = m*o + 21*o. What are the prime factors of o?
3, 317
Let f = 20073 - -23591. List the prime factors of f.
2, 2729
Suppose -13*s = -16704 - 26638. What are the prime factors of s?
2, 1667
Suppose 0*r + 2*r + 73 = -x, -5*r = 15. Let v = 66 + x. What are the prime factors of (-558)/9*v/1?
2, 31
Let o be (-501)/45 + 11 - 628/15. List the prime factors of 4 + 161/o - (-31220)/24.
1301
Suppose 4*v = 3*q + 68520, -494*v - 5*q - 17130 = -495*v. List the prime factors of v.
2, 3, 5, 571
Let g = 10198 + -2257. List the prime factors of g.
3, 2647
Let r = -10636 - -22627. What are the prime factors of r?
3, 7, 571
Let b = -636 - -967. Suppose -5*a = -p - b, -3*a + 0*p + 5*p + 203 = 0. Suppose -3*q + a = -21. List the prime factors of q.
29
Let w(p) = -8*p + 4. Suppose 3*l = 5*l + 8. Let y be w(l). Suppose 3*b - 165 = -2*g, -b - 126 = -g - y. What are the prime factors of g?
3, 29
Suppose 64*b = -29*b + 496713. List the prime factors of b.
7, 109
Let l = 32 - 13. Suppose 6*n - z + l = 8*n, 2*n - 17 = z. Let d(q) = 3*q + 34. What are the prime factors of d(n)?
61
Let r = -3981 + 12175. What are the prime factors of r?
2, 17, 241
Suppose 68*q = -81*q + 119*q + 251460. List the prime factors of q.
2, 3, 11, 127
Let j(g) = -28*g + 29. Let p be j(6). Suppose 670 = 2*b + 2*d, 2*d + 10 = -0*d. Let s = p + b. What are the prime factors of s?
3, 67
Let d(w) = -3*w**2 + 2*w. Let k = 49 - 50. Let l(q) = -q**2 + q. Let o(f) = k*d(f) - 2*l(f). List the prime factors of o(5).
3, 5, 7
Let w(a) = -2*a**3 - 16 + 2349*a - 2349*a - 3*a**2. What are the prime factors of w(-5)?
3, 53
Suppose -13 = -3*v + 4*m, -6*v + 8*v + 5*m - 1 = 0. List the prime factors of 2329/7 - v*6/(-63).
3, 37
Let o = -270 - -287. Suppose 4394 + 10991 = o*z. What are the prime factors of z?
5, 181
Let x(g) = -9999*g - 2853. List the prime factors of x(-2).
3, 5, 127
Let l(b) = 299*b + 20. Let u be l(4). Suppose -k + 807 = k - z, 4*z - u = -3*k. Suppose -k = -60*n + 56*n. What are the prime factors of n?
101
Let t = 19652 + 9032. What are the prime factors of t?
2, 71, 101
Suppose 3*d = -5*i + 59, 3*i + 7*d - 42 = 3*d. Suppose i*b - 1836 = 2564. List the prime factors of b.
2, 5, 11
Let t(h) be the second derivative of 83*h**5/60 - h**4/8 + h**3/3 + 5*h**2 + 13*h. Let o(j) be the first derivative of t(j). List the prime factors of o(1).
2, 41
Let h = 56 + 116. Let t = 99 - h. Let b = t - -130. What are the prime factors of b?
3, 19
Let w = 756 + -766. List the prime factors of 177/(5 - (w/(-13) - -4)).
13, 59
Suppose 0 = 588*p - 521420 - 2988339 - 661513. What are the prime factors of p?
2, 3547
Suppose 434 - 435 = m, -4*m = -3*a + 18175. What are the prime factors of a?
3, 673
Suppose 140 = 68*s - 61*s. List the prime factors of s/(-120) - (-3151)/6.
3, 5, 7
Suppose -2*k + 89 = -3*k. Let s = k + 249. Suppose 2*m - 4*z = s, 2*m + 62 = z + 213. List the prime factors of m.
2, 37
What are the prime factors of (-1)/3 - (-702600)/72?
2, 7, 17, 41
Let y = -254 - 75. Let g = y + 490. What are the prime factors of 473/3 + (g/(-21) - -7)?
157
Let z be (0/(-2))/((-14)/(-7)). Suppose 0*y - 6*y + 24 = z. What are the prime factors of (6 + (-8 - 2))*(-105)/y?
3, 5, 7
Let r be ((-66)/12 - -7)/(2/28). Let y(k) = -k**3 + 20*k**2 + 27*k - 24. List the prime factors of y(r).
2, 3, 17
Let j be -34 + 31 - (-1 + -74). Suppose -4*f + 80 = -j. What are the prime factors of f?
2, 19
Let x(a) = 88*a + 159*a + 74 + 69*a - 96*a + 61. List the prime factors of x(3).
3, 5, 53
Let r(h) = 21*h + 3. Suppose -7*p - 10 + 45 = 0. Suppose -p*x = 5*s - 4*x - 12, -5*s + 4*x + 27 = 0. List the prime factors of r(s).
2, 3, 11
Suppose 3 - 15 = -2*x. Suppose -1260 = n + x*n. List the prime factors of 2/1*n/(-8).
3, 5
Let r = 8368 - 2560. Suppose 136*z - r = 128*z. What are the prime factors of z?
2, 3, 11
Suppose -57*m = -1386552 - 206484. What are the prime factors of m?
2, 3, 17, 137
Let a be (2 + -4)/((-9)/(-6) + -2). Suppose 9*r = a*r - 15, i - 3*r = 12. Suppose -53 = -n - i*l, 4*n - 4*l - 108 - 24 = 0. List the prime factors of n.
2, 19
Let g(v) = 15*v + 14*v + 4*v**3 + 2*v**2 + 2 + 5*v**2 - 28*v - 3*v**3. Let w be 11/(-2) + (-2)/(-4). List the prime factors of g(w).
47
Let y(s) = 2*s**3 + 41*s**2 - 260*s + 83. What are the prime factors of y(19)?
2, 11831
Let k = 10 - 8. Suppose -68*a - 5*c + 3959 = -64*a, k*a = -c + 1981. What are the prime factors of a?
991
Let f(y) = 46*y**2 - 228*y + 3. Let o be f(5). Suppose 5*c - 8 = -s + 3*s, -46 = -5*s - 4*c. Suppose -o*l = -s*l - 49. List the prime factors of l.
7
Let q = -6 + 6. Suppose 16 = -r + 5*i, q = 2*r - 5*i + 4*i + 5. What are the prime factors of r/(-3) - (-2 - (-1815)/(-9))?
2, 3, 17
Let n = 3476 - 1845. Suppose 8*s - s = n. List the prime factors of s.
233
Let x = -2706 - -3042. What are the prime factors of x?
2, 3, 7
Suppose 3*l + 108538 = 4*j - 7040, 2*j + l = 57794. List the prime factors of j.
2, 3, 7, 43
Let j be 6/(-5)*(-550)/(-44). What are the prime factors of ((-126)/j)/((-2)/(-170))?
2, 3, 7, 17
Let x = 51608 + -34511. List the prime factors of x.
3, 41, 139
Suppose -170 - 166 = -l. Suppose -7*g = -15*g + l. Suppose 4*d - 3*a = -6*a + g, -4*d + 44 = 2*a. What are the prime factors of d?
2, 3
Let x(k) = -74*k - 23. Let l be x(-8). Let h = -120 + l. Let g = -206 + h. List the prime factors of g.
3
Let n(b) = -12*b + 136. Let k be ((16/(-12))/(-2))/(8/(-180)). What are the prime factors of n(k)?
2, 79
Let b(t) = -t**3 + 3*t**2 + 0*t**2 - 2*t - 4 + 0*t**2 + 5*t**2. List the prime factors of b(5).
61
Suppose 33*b + 45 = 38*b. Suppose 3*i - 648 = -b*i. Suppose -4*o = -546 - i. What are the prime factors of o?
2, 3, 5
Suppose 0 = -3*t + 3*m + 12, m - 60 + 16 = -5*t. Let d = 51 + 38. Suppose -7*h + t*h = d. List the prime factors of h.
89
Let f(q) = 3*q**3 - 8*q**2 + 7*q - 12. Let w be f(6). Suppose 10*r - w = 4*r. Suppose -3*t + r = 4*o, 4*o - 3*o - 3*t - 35 = 0. List the prime factors of o.
2, 5
Suppose 535*u - 44382 + 257749 = 546*u. What are the prime factors of u?
7, 17, 163
Suppose -725 = -3*b - 2*b. Suppose -5*u = -44*u + 702. Suppose l - b = -u. List the prime factors of l.
127
Let p = 3460 - -2407. What are the prime factors of p?
5867
Suppose 1284 - 4109 = -25*l. Let x = 119 + l. What are the prime factors of x?
2, 29
Suppose -375508 = -22*x - 5*u, u + 28516 = -3*x + 79721. List the prime factors of x.
13, 101
Suppose -111*m = 2*g - 114*m - 114322, 0 = 3*g - 3*m - 171489. List the prime factors of g.
11, 5197
Let r = -47782 + 78107. List the prime factors of r.
5, 1213
Let q be 3/6 + 472/(-16). Let x = 35 + q. Suppose 2*u - 2 = x, -3*l - 3*u = -282. List the prime factors of l.
2, 3, 5
Let w = -5506 - -6157. List the prime factors of w.
3, 7, 31
Suppose -2*w - 2*w + 2*v = -34, 0 = -4*w - 2*v + 54. Suppose -13155 = -w*r - 4*r. List the prime factors of r.
877
Let a(u) = 20787*u**2 - 7. List the prime factors of a(1).
2, 5, 1039
Suppose 2*w = 10*w - 96. Let i = w + 2. What are the prime factors of i?
2, 7
Let g = -37 + 46. Suppose 0 = -3*j + 21 - g. Suppose j*h + 4*u = 68, 3*h = 5*h + u - 39. List the prime factors of h.
2, 11
Suppose s + 36487 = 5*x, -5*x - 17*s = -31008 - 5533. What are the